{"id":11,"date":"2023-09-07T10:28:08","date_gmt":"2023-09-07T08:28:08","guid":{"rendered":"http:\/\/tmp.vki-mg.net\/?page_id=11"},"modified":"2023-09-07T10:28:08","modified_gmt":"2023-09-07T08:28:08","slug":"impressum","status":"publish","type":"page","link":"http:\/\/tmp.vki-mg.net\/start\/impressum\/","title":{"rendered":"Impressum"},"content":{"rendered":"\n<h2 class=\"wp-block-heading\">Angaben gem\u00e4\u00df \u00a7 5 TMG:<\/h2>\n\n\n\n<p>Gemeinn\u00fctziger&nbsp; Verein<br>Verband f\u00fcr Kulturen &amp; Integration in M\u00f6nchengladbach<\/p>\n\n\n\n<h3 class=\"wp-block-heading\"><strong>Postanschrift:<\/strong><\/h3>\n\n\n\n<p><br>M\u00fchlenstra\u00dfe 129<br>41236 M\u00f6nchengladbach<\/p>\n\n\n\n<h3 class=\"wp-block-heading\">Kontakt:<\/h3>\n\n\n\n<p>Telefon: 0163-2453894<br>E-Mail: vorstand(at)vki-mg.net<\/p>\n\n\n\n<h3 class=\"wp-block-heading\">Vertreten durch:<\/h3>\n\n\n\n<p>Fatma Ar<\/p>\n\n\n\n<h3 class=\"wp-block-heading\">Eingetragen<\/h3>\n\n\n\n<p>M\u00f6nchengladbach<br>VR 5314<\/p>\n\n\n\n<h3 class=\"wp-block-heading\">Umsatzsteuer-Identifikationsnummer<\/h3>\n\n\n\n<p>121\/5790\/6683<\/p>\n\n\n\n<h2 class=\"wp-block-heading\">Hinweise zur Website<\/h2>\n\n\n\n<p><em>Das Impressum wurde mit dem&nbsp;<a href=\"https:\/\/www.activemind.de\/datenschutz\/impressums-generator\/\">Impressums-Generator der activeMind AG<\/a>&nbsp;erstellt.<\/em><\/p>\n","protected":false},"excerpt":{"rendered":"<p>Angaben gem\u00e4\u00df \u00a7 5 TMG: Gemeinn\u00fctziger&nbsp; VereinVerband f\u00fcr Kulturen &amp; Integration in M\u00f6nchengladbach Postanschrift: M\u00fchlenstra\u00dfe 12941236 M\u00f6nchengladbach Kontakt: Telefon: 0163-2453894E-Mail: vorstand(at)vki-mg.net Vertreten durch: Fatma Ar Eingetragen M\u00f6nchengladbachVR 5314 Umsatzsteuer-Identifikationsnummer 121\/5790\/6683 Hinweise zur Website Das Impressum wurde mit dem&nbsp;Impressums-Generator der activeMind AG&nbsp;erstellt.<\/p>\n","protected":false},"author":1,"featured_media":0,"parent":0,"menu_order":0,"comment_status":"closed","ping_status":"closed","template":"","meta":{"footnotes":""},"class_list":["post-11","page","type-page","status-publish","hentry"],"yoast_head":"<!-- This site is optimized with the Yoast SEO plugin v21.5 - https:\/\/yoast.com\/wordpress\/plugins\/seo\/ -->\n<title>Impressum -<\/title>\n<meta name=\"robots\" content=\"index, follow, max-snippet:-1, max-image-preview:large, max-video-preview:-1\" \/>\n<link rel=\"canonical\" href=\"http:\/\/tmp.vki-mg.net\/start\/impressum\/\" \/>\n<meta property=\"og:locale\" content=\"de_DE\" \/>\n<meta property=\"og:type\" content=\"article\" \/>\n<meta property=\"og:title\" content=\"Impressum -\" \/>\n<meta property=\"og:description\" content=\"Angaben gem\u00e4\u00df \u00a7 5 TMG: Gemeinn\u00fctziger&nbsp; VereinVerband f\u00fcr Kulturen &amp; Integration in M\u00f6nchengladbach Postanschrift: M\u00fchlenstra\u00dfe 12941236 M\u00f6nchengladbach Kontakt: Telefon: 0163-2453894E-Mail: vorstand(at)vki-mg.net Vertreten durch: Fatma Ar Eingetragen M\u00f6nchengladbachVR 5314 Umsatzsteuer-Identifikationsnummer 121\/5790\/6683 Hinweise zur Website Das Impressum wurde mit dem&nbsp;Impressums-Generator der activeMind AG&nbsp;erstellt.\" \/>\n<meta property=\"og:url\" content=\"http:\/\/tmp.vki-mg.net\/start\/impressum\/\" \/>\n<meta property=\"article:publisher\" content=\"https:\/\/www.facebook.com\/profile.php?id=100064016290898&amp;sk=about\" \/>\n<meta name=\"twitter:card\" content=\"summary_large_image\" \/>\n<script type=\"application\/ld+json\" class=\"yoast-schema-graph\">{\"@context\":\"https:\/\/schema.org\",\"@graph\":[{\"@type\":\"WebPage\",\"@id\":\"http:\/\/tmp.vki-mg.net\/start\/impressum\/\",\"url\":\"http:\/\/tmp.vki-mg.net\/start\/impressum\/\",\"name\":\"Impressum -\",\"isPartOf\":{\"@id\":\"http:\/\/tmp.vki-mg.net\/start\/#website\"},\"datePublished\":\"2023-09-07T08:28:08+00:00\",\"dateModified\":\"2023-09-07T08:28:08+00:00\",\"breadcrumb\":{\"@id\":\"http:\/\/tmp.vki-mg.net\/start\/impressum\/#breadcrumb\"},\"inLanguage\":\"de\",\"potentialAction\":[{\"@type\":\"ReadAction\",\"target\":[\"http:\/\/tmp.vki-mg.net\/start\/impressum\/\"]}]},{\"@type\":\"BreadcrumbList\",\"@id\":\"http:\/\/tmp.vki-mg.net\/start\/impressum\/#breadcrumb\",\"itemListElement\":[{\"@type\":\"ListItem\",\"position\":1,\"name\":\"Startseite\",\"item\":\"http:\/\/tmp.vki-mg.net\/start\/\"},{\"@type\":\"ListItem\",\"position\":2,\"name\":\"Impressum\"}]},{\"@type\":\"WebSite\",\"@id\":\"http:\/\/tmp.vki-mg.net\/start\/#website\",\"url\":\"http:\/\/tmp.vki-mg.net\/start\/\",\"name\":\"Verband f\u00fcr Kulturen und Integration\",\"description\":\"\",\"publisher\":{\"@id\":\"http:\/\/tmp.vki-mg.net\/start\/#organization\"},\"potentialAction\":[{\"@type\":\"SearchAction\",\"target\":{\"@type\":\"EntryPoint\",\"urlTemplate\":\"http:\/\/tmp.vki-mg.net\/start\/?s={search_term_string}\"},\"query-input\":\"required name=search_term_string\"}],\"inLanguage\":\"de\"},{\"@type\":\"Organization\",\"@id\":\"http:\/\/tmp.vki-mg.net\/start\/#organization\",\"name\":\"Verband f\u00fcr Kulturen und Integration in M\u00f6nchengladbach e.V.\",\"url\":\"http:\/\/tmp.vki-mg.net\/start\/\",\"logo\":{\"@type\":\"ImageObject\",\"inLanguage\":\"de\",\"@id\":\"http:\/\/tmp.vki-mg.net\/start\/#\/schema\/logo\/image\/\",\"url\":\"http:\/\/tmp.vki-mg.net\/wp-content\/uploads\/2023\/09\/cropped-Logo-VKI-Moenchengladbach.png\",\"contentUrl\":\"http:\/\/tmp.vki-mg.net\/wp-content\/uploads\/2023\/09\/cropped-Logo-VKI-Moenchengladbach.png\",\"width\":3348,\"height\":1056,\"caption\":\"Verband f\u00fcr Kulturen und Integration in M\u00f6nchengladbach e.V.\"},\"image\":{\"@id\":\"http:\/\/tmp.vki-mg.net\/start\/#\/schema\/logo\/image\/\"},\"sameAs\":[\"https:\/\/www.facebook.com\/profile.php?id=100064016290898&sk=about\"]}]}<\/script>\n<!-- \/ Yoast SEO plugin. -->","yoast_head_json":{"title":"Impressum -","robots":{"index":"index","follow":"follow","max-snippet":"max-snippet:-1","max-image-preview":"max-image-preview:large","max-video-preview":"max-video-preview:-1"},"canonical":"http:\/\/tmp.vki-mg.net\/start\/impressum\/","og_locale":"de_DE","og_type":"article","og_title":"Impressum -","og_description":"Angaben gem\u00e4\u00df \u00a7 5 TMG: Gemeinn\u00fctziger&nbsp; VereinVerband f\u00fcr Kulturen &amp; Integration in M\u00f6nchengladbach Postanschrift: M\u00fchlenstra\u00dfe 12941236 M\u00f6nchengladbach Kontakt: Telefon: 0163-2453894E-Mail: vorstand(at)vki-mg.net Vertreten durch: Fatma Ar Eingetragen M\u00f6nchengladbachVR 5314 Umsatzsteuer-Identifikationsnummer 121\/5790\/6683 Hinweise zur Website Das Impressum wurde mit dem&nbsp;Impressums-Generator der activeMind AG&nbsp;erstellt.","og_url":"http:\/\/tmp.vki-mg.net\/start\/impressum\/","article_publisher":"https:\/\/www.facebook.com\/profile.php?id=100064016290898&sk=about","twitter_card":"summary_large_image","schema":{"@context":"https:\/\/schema.org","@graph":[{"@type":"WebPage","@id":"http:\/\/tmp.vki-mg.net\/start\/impressum\/","url":"http:\/\/tmp.vki-mg.net\/start\/impressum\/","name":"Impressum -","isPartOf":{"@id":"http:\/\/tmp.vki-mg.net\/start\/#website"},"datePublished":"2023-09-07T08:28:08+00:00","dateModified":"2023-09-07T08:28:08+00:00","breadcrumb":{"@id":"http:\/\/tmp.vki-mg.net\/start\/impressum\/#breadcrumb"},"inLanguage":"de","potentialAction":[{"@type":"ReadAction","target":["http:\/\/tmp.vki-mg.net\/start\/impressum\/"]}]},{"@type":"BreadcrumbList","@id":"http:\/\/tmp.vki-mg.net\/start\/impressum\/#breadcrumb","itemListElement":[{"@type":"ListItem","position":1,"name":"Startseite","item":"http:\/\/tmp.vki-mg.net\/start\/"},{"@type":"ListItem","position":2,"name":"Impressum"}]},{"@type":"WebSite","@id":"http:\/\/tmp.vki-mg.net\/start\/#website","url":"http:\/\/tmp.vki-mg.net\/start\/","name":"Verband f\u00fcr Kulturen und Integration","description":"","publisher":{"@id":"http:\/\/tmp.vki-mg.net\/start\/#organization"},"potentialAction":[{"@type":"SearchAction","target":{"@type":"EntryPoint","urlTemplate":"http:\/\/tmp.vki-mg.net\/start\/?s={search_term_string}"},"query-input":"required name=search_term_string"}],"inLanguage":"de"},{"@type":"Organization","@id":"http:\/\/tmp.vki-mg.net\/start\/#organization","name":"Verband f\u00fcr Kulturen und Integration in M\u00f6nchengladbach e.V.","url":"http:\/\/tmp.vki-mg.net\/start\/","logo":{"@type":"ImageObject","inLanguage":"de","@id":"http:\/\/tmp.vki-mg.net\/start\/#\/schema\/logo\/image\/","url":"http:\/\/tmp.vki-mg.net\/wp-content\/uploads\/2023\/09\/cropped-Logo-VKI-Moenchengladbach.png","contentUrl":"http:\/\/tmp.vki-mg.net\/wp-content\/uploads\/2023\/09\/cropped-Logo-VKI-Moenchengladbach.png","width":3348,"height":1056,"caption":"Verband f\u00fcr Kulturen und Integration in M\u00f6nchengladbach e.V."},"image":{"@id":"http:\/\/tmp.vki-mg.net\/start\/#\/schema\/logo\/image\/"},"sameAs":["https:\/\/www.facebook.com\/profile.php?id=100064016290898&sk=about"]}]}},"_links":{"self":[{"href":"http:\/\/tmp.vki-mg.net\/start\/wp-json\/wp\/v2\/pages\/11","targetHints":{"allow":["GET"]}}],"collection":[{"href":"http:\/\/tmp.vki-mg.net\/start\/wp-json\/wp\/v2\/pages"}],"about":[{"href":"http:\/\/tmp.vki-mg.net\/start\/wp-json\/wp\/v2\/types\/page"}],"author":[{"embeddable":true,"href":"http:\/\/tmp.vki-mg.net\/start\/wp-json\/wp\/v2\/users\/1"}],"replies":[{"embeddable":true,"href":"http:\/\/tmp.vki-mg.net\/start\/wp-json\/wp\/v2\/comments?post=11"}],"version-history":[{"count":1,"href":"http:\/\/tmp.vki-mg.net\/start\/wp-json\/wp\/v2\/pages\/11\/revisions"}],"predecessor-version":[{"id":12,"href":"http:\/\/tmp.vki-mg.net\/start\/wp-json\/wp\/v2\/pages\/11\/revisions\/12"}],"wp:attachment":[{"href":"http:\/\/tmp.vki-mg.net\/start\/wp-json\/wp\/v2\/media?parent=11"}],"curies":[{"name":"wp","href":"https:\/\/api.w.org\/{rel}","templated":true}]}}

<h2 class="wp-block-heading">Angaben gemäß § 5 TMG:</h2>



<p>Gemeinnütziger&nbsp; Verein<br>Verband für Kulturen &amp; Integration in Mönchengladbach</p>



<h3 class="wp-block-heading"><strong>Postanschrift:</strong></h3>



<p><br>Mühlenstraße 129<br>41236 Mönchengladbach</p>



<h3 class="wp-block-heading">Kontakt:</h3>



<p>Telefon: 0163-2453894<br>E-Mail: vorstand(at)vki-mg.net</p>



<h3 class="wp-block-heading">Vertreten durch:</h3>



<p>Fatma Ar</p>



<h3 class="wp-block-heading">Eingetragen</h3>



<p>Mönchengladbach<br>VR 5314</p>



<h3 class="wp-block-heading">Umsatzsteuer-Identifikationsnummer</h3>



<p>121/5790/6683</p>



<h2 class="wp-block-heading">Hinweise zur Website</h2>



<p><em>Das Impressum wurde mit dem&nbsp;<a href="https://www.activemind.de/datenschutz/impressums-generator/">Impressums-Generator der activeMind AG</a>&nbsp;erstellt.</em></p>

<p>Angaben gemäß § 5 TMG: Gemeinnütziger&nbsp; VereinVerband für Kulturen &amp; Integration in Mönchengladbach Postanschrift: Mühlenstraße 12941236 Mönchengladbach Kontakt: Telefon: 0163-2453894E-Mail: vorstand(at)vki-mg.net Vertreten durch: Fatma Ar Eingetragen MönchengladbachVR 5314 Umsatzsteuer-Identifikationsnummer 121/5790/6683 Hinweise zur Website Das Impressum wurde mit dem&nbsp;Impressums-Generator der activeMind AG&nbsp;erstellt.</p>

<!-- This site is optimized with the Yoast SEO plugin v21.5 - https://yoast.com/wordpress/plugins/seo/ -->
<title>Impressum -</title>
<meta name="robots" content="index, follow, max-snippet:-1, max-image-preview:large, max-video-preview:-1" />
<link rel="canonical" href="http://tmp.vki-mg.net/start/impressum/" />
<meta property="og:locale" content="de_DE" />
<meta property="og:type" content="article" />
<meta property="og:title" content="Impressum -" />
<meta property="og:description" content="Angaben gemäß § 5 TMG: Gemeinnütziger&nbsp; VereinVerband für Kulturen &amp; Integration in Mönchengladbach Postanschrift: Mühlenstraße 12941236 Mönchengladbach Kontakt: Telefon: 0163-2453894E-Mail: vorstand(at)vki-mg.net Vertreten durch: Fatma Ar Eingetragen MönchengladbachVR 5314 Umsatzsteuer-Identifikationsnummer 121/5790/6683 Hinweise zur Website Das Impressum wurde mit dem&nbsp;Impressums-Generator der activeMind AG&nbsp;erstellt." />
<meta property="og:url" content="http://tmp.vki-mg.net/start/impressum/" />
<meta property="article:publisher" content="https://www.facebook.com/profile.php?id=100064016290898&amp;sk=about" />
<meta name="twitter:card" content="summary_large_image" />
<script type="application/ld+json" class="yoast-schema-graph">{"@context":"https://schema.org","@graph":[{"@type":"WebPage","@id":"http://tmp.vki-mg.net/start/impressum/","url":"http://tmp.vki-mg.net/start/impressum/","name":"Impressum -","isPartOf":{"@id":"http://tmp.vki-mg.net/start/#website"},"datePublished":"2023-09-07T08:28:08+00:00","dateModified":"2023-09-07T08:28:08+00:00","breadcrumb":{"@id":"http://tmp.vki-mg.net/start/impressum/#breadcrumb"},"inLanguage":"de","potentialAction":[{"@type":"ReadAction","target":["http://tmp.vki-mg.net/start/impressum/"]}]},{"@type":"BreadcrumbList","@id":"http://tmp.vki-mg.net/start/impressum/#breadcrumb","itemListElement":[{"@type":"ListItem","position":1,"name":"Startseite","item":"http://tmp.vki-mg.net/start/"},{"@type":"ListItem","position":2,"name":"Impressum"}]},{"@type":"WebSite","@id":"http://tmp.vki-mg.net/start/#website","url":"http://tmp.vki-mg.net/start/","name":"Verband für Kulturen und Integration","description":"","publisher":{"@id":"http://tmp.vki-mg.net/start/#organization"},"potentialAction":[{"@type":"SearchAction","target":{"@type":"EntryPoint","urlTemplate":"http://tmp.vki-mg.net/start/?s={search_term_string}"},"query-input":"required name=search_term_string"}],"inLanguage":"de"},{"@type":"Organization","@id":"http://tmp.vki-mg.net/start/#organization","name":"Verband für Kulturen und Integration in Mönchengladbach e.V.","url":"http://tmp.vki-mg.net/start/","logo":{"@type":"ImageObject","inLanguage":"de","@id":"http://tmp.vki-mg.net/start/#/schema/logo/image/","url":"http://tmp.vki-mg.net/wp-content/uploads/2023/09/cropped-Logo-VKI-Moenchengladbach.png","contentUrl":"http://tmp.vki-mg.net/wp-content/uploads/2023/09/cropped-Logo-VKI-Moenchengladbach.png","width":3348,"height":1056,"caption":"Verband für Kulturen und Integration in Mönchengladbach e.V."},"image":{"@id":"http://tmp.vki-mg.net/start/#/schema/logo/image/"},"sameAs":["https://www.facebook.com/profile.php?id=100064016290898&sk=about"]}]}</script>
<!-- / Yoast SEO plugin. -->

Angaben gemäß § 5 TMG: Gemeinnütziger&nbsp; VereinVerband für Kulturen &amp; Integration in Mönchengladbach Postanschrift: Mühlenstraße 12941236 Mönchengladbach Kontakt: Telefon: 0163-2453894E-Mail: vorstand(at)vki-mg.net Vertreten durch: Fatma Ar Eingetragen MönchengladbachVR 5314 Umsatzsteuer-Identifikationsnummer 121/5790/6683 Hinweise zur Website Das Impressum wurde mit dem&nbsp;Impressums-Generator der activeMind AG&nbsp;erstellt.

Verband für Kulturen und Integration

Verband für Kulturen und Integration in Mönchengladbach e.V.
